rs of 1552394?
2, 113, 6869
What are the prime factors of 62103?
3, 127, 163
List the prime factors of 2291181.
3, 367, 2081
What are the prime factors of 1397408?
2, 43669
What are the prime factors of 2223201?
3, 131, 5657
List the prime factors of 1344027.
3, 53, 79, 107
List the prime factors of 2831560.
2, 5, 29, 2441
What are the prime factors of 41034?
2, 3, 7, 977
What are the prime factors of 5307778?
2, 7, 41, 1321
List the prime factors of 1011466.
2, 17, 71, 419
List the prime factors of 4113948.
2, 3, 31, 11059
What are the prime factors of 939051?
3, 103, 1013
What are the prime factors of 1040666?
2, 11, 47303
List the prime factors of 3541289.
3541289
List the prime factors of 2482152.
2, 3, 103423
What are the prime factors of 2180565?
3, 5, 47, 1031
List the prime factors of 32438.
2, 7, 331
What are the prime factors of 152304?
2, 3, 19, 167
What are the prime factors of 1905411?
3, 17, 37361
What are the prime factors of 930017?
11, 59, 1433
List the prime factors of 1360207.
1360207
What are the prime factors of 1663422?
2, 3, 107, 2591
List the prime factors of 5787749.
11, 526159
What are the prime factors of 6390085?
5, 13, 37, 2657
What are the prime factors of 2971487?
239, 12433
List the prime factors of 3056727.
3, 233, 4373
What are the prime factors of 461397?
3, 17, 83, 109
List the prime factors of 2003218.
2, 7, 20441
List the prime factors of 813667.
37, 21991
What are the prime factors of 548753?
548753
What are the prime factors of 71771?
7, 10253
List the prime factors of 2368029.
3, 789343
List the prime factors of 32905.
5, 6581
What are the prime factors of 144996?
2, 3, 43, 281
List the prime factors of 618437.
618437
List the prime factors of 15136167.
3, 499, 10111
List the prime factors of 166626.
2, 3, 9257
What are the prime factors of 29795612?
2, 7, 11, 96739
What are the prime factors of 60154?
2, 19, 1583
List the prime factors of 19655.
5, 3931
What are the prime factors of 10539741?
3, 251, 13997
List the prime factors of 270411.
3, 23, 3919
What are the prime factors of 67900?
2, 5, 7, 97
What are the prime factors of 13485579?
3, 4495193
List the prime factors of 6706410.
2, 3, 5, 223547
What are the prime factors of 74416?
2, 4651
List the prime factors of 458460.
2, 3, 5, 283
List the prime factors of 6534851.
17, 384403
What are the prime factors of 3424451?
197, 17383
What are the prime factors of 112410?
2, 3, 5, 1249
List the prime factors of 2401031.
2401031
What are the prime factors of 994126?
2, 7, 17, 4177
What are the prime factors of 10434373?
71, 281, 523
List the prime factors of 463805.
5, 92761
List the prime factors of 1229226.
2, 3, 204871
What are the prime factors of 1209201?
3, 7, 71, 811
What are the prime factors of 351454?
2, 175727
What are the prime factors of 845791?
271, 3121
What are the prime factors of 6587385?
3, 5, 7, 43, 1459
List the prime factors of 157033.
373, 421
What are the prime factors of 13271751?
3, 31, 47569
What are the prime factors of 111216?
2, 3, 7, 331
What are the prime factors of 10998803?
10998803
What are the prime factors of 1164392?
2, 145549
What are the prime factors of 78163?
78163
What are the prime factors of 1911275?
5, 89, 859
List the prime factors of 2836780.
2, 5, 29, 67, 73
List the prime factors of 920100.
2, 3, 5, 3067
What are the prime factors of 8703589?
8703589
What are the prime factors of 1562975?
5, 101, 619
List the prime factors of 6016465.
5, 7, 13, 1889
What are the prime factors of 764416?
2, 1493
What are the prime factors of 1164690?
2, 3, 5, 12941
List the prime factors of 877197.
3, 23, 12713
List the prime factors of 4555006.
2, 2277503
List the prime factors of 6676310.
2, 5, 667631
What are the prime factors of 865550?
2, 5, 7, 2473
What are the prime factors of 771077?
19, 40583
List the prime factors of 17243937.
3, 1915993
List the prime factors of 2756040.
2, 3, 5, 7, 17, 193
List the prime factors of 1967698.
2, 983849
List the prime factors of 66804.
2, 3, 19, 293
What are the prime factors of 131957?
7, 2693
What are the prime factors of 2533887?
3, 23, 12241
What are the prime factors of 535882?
2, 267941
List the prime factors of 37822.
2, 18911
List the prime factors of 20222382.
2, 3, 23, 146539
What are the prime factors of 268165?
5, 53633
List the prime factors of 561713.
561713
What are the prime factors of 4596461?
19, 241919
List the prime factors of 3316796.
2, 7, 118457
List the prime factors of 2477936.
2, 154871
What are the prime factors of 95244?
2, 3, 7937
What are the prime factors of 12482?
2, 79
List the prime factors of 1550554.
2, 389, 1993
List the prime factors of 31944456.
2, 3, 49297
List the prime factors of 421733.
13, 32441
What are the prime factors of 4809652?
2, 151, 7963
What are the prime factors of 496899?
3, 13, 31, 137
List the prime factors of 634.
2, 317
List the prime factors of 7893903.
3, 347, 7583
List the prime factors of 1854801.
3, 13, 83, 191
List the prime factors of 281497.
23, 12239
List the prime factors of 11991275.
5, 227, 2113
What are the prime factors of 3973905?
3, 5, 13, 6793
List the prime factors of 3487756.
2, 419, 2081
What are the prime factors of 5147736?
2, 3, 11, 17, 31, 37
What are the prime factors of 7532977?
7532977
What are the prime factors of 183383?
183383
List the prime factors of 1340223.
3, 31, 14411
List the prime factors of 6550992.
2, 3, 7, 67, 97
What are the prime factors of 899475?
3, 5, 67, 179
List the prime factors of 16533339.
3, 37, 148949
List the prime factors of 4432655.
5, 43, 53, 389
What are the prime factors of 41303?
103, 401
What are the prime factors of 1812548?
2, 453137
What are the prime factors of 293030?
2, 5, 29303
List the prime factors of 120475.
5, 61, 79
List the prime factors of 2379523.
1231, 1933
What are the prime factors of 146033?
146033
List the prime factors of 136592.
2, 8537
What are the prime factors of 748182?
2, 3, 19, 6563
List the prime factors of 32110045.
5, 11, 127, 4597
List the prime factors of 1587617.
1587617
List the prime factors of 442555.
5, 61, 1451
What are the prime factors of 49259?
7, 31, 227
List the prime factors of 170264.
2, 21283
What are the prime factors of 5047010?
2, 5, 431, 1171
What are the prime factors of 29826121?
13, 53, 73, 593
List the prime factors of 1150523.
11, 104593
What are the prime factors of 3605249?
43, 83843
What are the prime factors of 10918?
2, 53, 103
List the prime factors of 1184126.
2, 53, 11171
List the prime factors of 237730.
2, 5, 23773
What are the prime factors of 1686929?
379, 4451
What are the prime factors of 7465150?
2, 5, 7, 11, 277
List the prime factors of 1795574.
2, 11, 17, 4801
List the prime factors of 6865739.
17, 403867
List the prime factors of 1755554.
2, 109, 8053
List the prime factors of 382720.
2, 5, 13, 23
What are the prime factors of 2229581?
2229581
List the prime factors of 5407550.
2, 5, 37, 79
List the prime factors of 149890.
2, 5, 13, 1153
What are the prime factors of 631512?
2, 3, 7, 179
List the prime factors of 4456606.
2, 7, 11, 43, 673
List the prime factors of 723947.
7, 103421
What are the prime factors of 2788402?
2, 19, 73379
What are the prime factors of 235042?
2, 17, 31, 223
List the prime factors of 13987032.
2, 3, 582793
List the prime factors of 124974.
2, 3, 53, 131
List the prime factors of 4412556.
2, 3, 13619
What are the prime factors of 453308?
2, 113327
What are the prime factors of 14514420?
2, 3, 5, 241907
What are the prime factors of 58560?
2, 3, 5, 61
What are the prime factors of 518114?
2, 29, 8933
List the prime factors of 275463.
3, 127, 241
What are the prime factors of 987327?
3, 11, 9973
List the prime factors of 707179.
11, 53, 1213
List the prime factors of 350232.
2, 3, 14593
What are the prime factors of 8493462?
2, 3, 29, 53, 307
What are the prime factors of 574505?
5, 114901
What are the prime factors of 311413?
109, 2857
What are the prime factors of 8817653?
13, 19, 29, 1231
List the prime factors of 63332.
2, 71, 223
List the prime factors of 12370855.
5, 7, 353453
List the prime factors of 15100212.
2, 3, 19, 103, 643
List the prime factors of 5489168.
2, 343073
List the prime factors of 298567.
293, 1019
What are the prime factors of 5948